t are the prime factors of v(86)?
26783
Suppose -3*o + 3083 - 621 = l, -4*l + 9859 = o. Suppose -129*w = -124*w - l. List the prime factors of w.
17, 29
Let i = -1776 - -22757. What are the prime factors of i?
20981
Let c(g) = g**3 + 4*g**2 + g + 2. Let n be c(-3). Let m = -1984 - -1984. Suppose n*z - 1250 - 678 = m. What are the prime factors of z?
241
Let c = -28 + 146. Suppose -117*w + c*w = 435. Suppose -w = -53*d + 50*d. What are the prime factors of d?
5, 29
Let l = 112607 + -59044. List the prime factors of l.
29, 1847
Let m(q) = q**3 - 13*q**2 - 6*q - 1. Let y be m(12). Let d be y/2 + 45/(-30). Let s = 168 + d. List the prime factors of s.
2, 29
Let n = 1035 + -1581. Let u = -186 - n. Suppose 6*w - u = 3*w. What are the prime factors of w?
2, 3, 5
Let w(u) = -u**2 + 6*u - 5. Let t be w(4). Let j(d) = -4 + 7 + 25*d + 13*d + t. List the prime factors of j(4).
2, 79
Let h be ((-3)/6*489)/((-6)/(-168)). What are the prime factors of (-54)/(-63)*h/(-12)?
3, 163
Let z = 0 + 18. Let r = -12 + z. Suppose r*u - 406 = -u. What are the prime factors of u?
2, 29
Let t(o) be the first derivative of 2*o**3/3 - 39*o**2/2 - 12*o + 66. What are the prime factors of t(28)?
2, 29
Let x be 3*36/(-14) + (-4)/14. Let d(g) = g**3 + 7*g**2 - 12*g - 24. Let t be d(x). Suppose 625 = t*h - 3*h. List the prime factors of h.
5
Let k(b) = -99*b**3 - 10*b**2 + 22*b - 1. Let u(x) = -50*x**3 - 5*x**2 + 11*x - 1. Let s(n) = 3*k(n) - 7*u(n). List the prime factors of s(2).
2, 3, 71
Let u be (-10)/(-4) - 2/4. Suppose 0 = z - u*z + 2, 3*z + 370 = 4*x. Let h = x - 21. What are the prime factors of h?
73
Suppose -2*y + 3 = 3*y + i, -2*y = -5*i + 15. Suppose 0 = 13*h - 44 - 34. Suppose -w = -o + w + h, -w = y. List the prime factors of o.
2, 3
Let t(u) = u**2 + 8*u - 37. Let q(n) = -14*n**2 - 2*n + 1. Let k be q(-1). Let m be t(k). List the prime factors of (-15865)/(-76) - (3/m)/3.
11, 19
Suppose 0*u - 34*u + 21488 = 0. List the prime factors of 5 + 18/(12/u - 0).
953
Let f(i) = -514*i + 485. List the prime factors of f(-23).
31, 397
Let w be (6/(-12))/((-1)/624). Suppose 3*h + 3 = 4*h. Suppose w = 5*u + h*u. What are the prime factors of u?
3, 13
Suppose -5*k = a - 9, 0 = 2*a + k + k - 10. Suppose -a*c = c - 25. What are the prime factors of c/(60/4)*591?
197
Let o be 255846/18 - (40/(-12) - -4). Suppose -27*u + 13300 = -o. What are the prime factors of u?
1019
Let s(g) = 13*g**2 - 3*g + 2. Let j be s(1). Let t(x) = 18*x - 47. List the prime factors of t(j).
13
List the prime factors of 4/3 + 3589424/72 + 72/(-162).
2, 3, 7, 1187
Let i = -28800 + 49142. List the prime factors of i.
2, 7, 1453
Let y be 522 - 0 - (1 + 1 - 0). Suppose 292 + 578 = 5*i - 5*x, -3*i + 2*x = -y. What are the prime factors of i?
2, 43
List the prime factors of (26361/(-435))/(6/(-3340)) + -2.
2, 3, 937
Let j(r) = 5*r**2 + 69*r - 141. List the prime factors of j(-41).
5, 1087
Let v(w) = w**3 + 4*w**2 - 3. Let f be v(-2). Let n(i) = 233*i + 15. List the prime factors of n(f).
2, 5, 59
Let v(f) = -386 + 192 + 137*f**2 + 203 + 5*f. What are the prime factors of v(-2)?
547
Let m(t) = -2272*t - 1471. List the prime factors of m(-8).
5, 13, 257
Let f(g) = 11 - 7 - 30 + 4*g. Let v(i) = 2*i**3 - i**2 + 4*i - 4. Let c be v(2). List the prime factors of f(c).
2, 19
Suppose 3*f - 13*f = -11*f + 8727. List the prime factors of f.
3, 2909
Suppose -5*z = 3*z. Let a be (z - -1186) + (-3 - -5). Suppose 7*g = -4*g + a. What are the prime factors of g?
2, 3
Let z be 7 - 1 - -3 - -6. What are the prime factors of z/6*9/((-180)/(-5296))?
2, 331
Suppose w = -1 + 7, 3*m + 2*w - 3789 = 0. What are the prime factors of m?
1259
Suppose 146*m = 152*m - 388848. What are the prime factors of m?
2, 8101
Let s(c) = 19*c**2 + 4*c + 120. Suppose 6*k = 5*k + 2*z, -k + 4 = -3*z. List the prime factors of s(k).
2, 163
Suppose -5*w = 4*g - 7, 6*w - 4*w - 2*g = 10. Suppose -w*c = -3*p + 1011, 1709 = p + 4*p + 3*c. What are the prime factors of p?
2, 5, 17
Let a = 4397 + -3773. List the prime factors of a.
2, 3, 13
Suppose 7174 = -2*v - 4*g, 20*g - 22*g = -4*v - 14358. What are the prime factors of -1 + v/(-9) - (-2)/9?
2, 199
Let n(a) = 78*a**2 - 3 - a - 9*a + 9*a. What are the prime factors of n(-1)?
2, 19
Let z(f) = 107*f**2 - 3*f - 14. Let p be z(5). Suppose 2*j = -2*a + 1672, -3*j + a = 134 - p. What are the prime factors of (4/(-6))/((-6)/j)?
3, 31
Suppose 0 = -100*a + 96*a - 1440. Let k be ((-8)/(-6))/(-1*4/a). Suppose 5*j = -5*j + k. List the prime factors of j.
2, 3
Suppose -11*k = 7*k + 720. Let t = k + 25. List the prime factors of (t - -17) + 1 + 112 + 1.
2, 29
Let n(x) = -x**3 - 3*x**2 - 26*x - 172. What are the prime factors of n(-10)?
2, 197
Let x be 4/(-2) + 5/1. Suppose -3*s - 9 = -0, -1345 = -o + x*s. What are the prime factors of o?
2, 167
Let b = 732 - 439. Let a = b - 230. What are the prime factors of a?
3, 7
Suppose -23*s + 35640 = -5*s. Suppose -23*x - s = -7385. What are the prime factors of x?
5, 47
What are the prime factors of (-873)/485 - 234839/(-5)?
2, 23, 1021
Suppose 6*r - 14 = 58. Suppose -9*z + 84 = r. What are the prime factors of 686/4 + (-4)/z?
3, 19
Let z(t) = 4 + 189*t + 16 + 10. What are the prime factors of z(2)?
2, 3, 17
List the prime factors of (-3 + 313)*(-5)/((-80)/104).
5, 13, 31
Let w be (2 - -2)*(-1932)/(-16). Let x = 997 - w. Suppose 96 + x = 5*t. List the prime factors of t.
2, 61
Suppose -26516 + 5800 = -5*a + 76079. What are the prime factors of a?
3, 239
Suppose -4*o + 49427 = -v + 2753, -o + 5*v = -11640. What are the prime factors of o?
2, 3, 5, 389
Suppose -2*z + 10 - 2 = 0. Let h = -2308 - -2308. Suppose h = s - 4*s + 4*j + 475, -z*j - 628 = -4*s. List the prime factors of s.
3, 17
Let v(f) = -f**3 - 5*f**2 - 4*f - 5. Let o be v(-4). Let s be (o/(-5*4))/(2/8). List the prime factors of 116 + -15 - s/(-1*1).
2, 3, 17
Let p(c) = -87*c + 8. Let z be p(-3). Suppose 0 = -0*j - j - 2*a + 98, a - z = -3*j. List the prime factors of (2 + (-14)/(-4))/(4/j).
11
Let n(s) = 1170*s + 1104. List the prime factors of n(0).
2, 3, 23
Let q = -489 + 492. Suppose 2*m = -6*f + 4*f + 376, -q*f = 5*m - 566. What are the prime factors of f?
11, 17
What are the prime factors of -8 - 22854/((-84)/14)?
3, 7, 181
Let l be -10*(-2)/16 + 7490/(-40). List the prime factors of (-242420)/l - (-4)/6.
2, 163
Let w = 3281 - 2221. List the prime factors of w.
2, 5, 53
Suppose 2*v + 22 = 5*n + 6*v, n = -4*v - 2. Suppose -n*m + 4 = -8*m. List the prime factors of m + (5 - 6)*(-1 - 31).
2, 3, 5
Suppose 4*w + 200896 = 25*w - 5*w. What are the prime factors of w?
2, 43, 73
Let s(d) = -d**3 - 17*d**2 - 15*d + 29. Let i be s(-16). Suppose i + 339 = 8*k. Suppose 0 = -10*p + 9*p + k. List the prime factors of p.
2, 11
Let c(a) be the second derivative of 3*a**4/8 - 17*a**3/6 - 15*a**2/2 + 4*a. Let d(k) be the first derivative of c(k). List the prime factors of d(6).
37
Let q(p) = 393*p + 2207. What are the prime factors of q(7)?
2, 37, 67
Let n(l) be the second derivative of l**6/360 - 7*l**5/120 + l**4/12 - 24*l. Let r(w) be the third derivative of n(w). What are the prime factors of r(9)?
11
Let s be 120/48*(-1246)/5. Let c = 656 + s. List the prime factors of c.
3, 11
Let b(t) = 3*t**2 - 10*t + 36. Let q be b(9). Let j = q - 86. What are the prime factors of j?
103
Let q be 523 + -3*20/15. List the prime factors of (q/6)/((-4)/(-40)).
5, 173
Let y(r) = r**3 + 6*r**2 + 4*r + 3. Let l = 12 + -17. Let t be y(l). Suppose t*o = 13*o - 100. List the prime factors of o.
2, 5
Let y be (3 + -1 - -854) + 2. Suppose 5*d - 9*d = -2*o + 578, -3*o + 3*d + y = 0. List the prime factors of (2 + o)*(-14)/(-35).
2, 3, 19
Let y = 31 - 21. Let w be (-34)/7 + y/(-70). What are the prime factors of (-14 - -6)*(w + 0)?
2, 5
Let s = -117 - -215. Let v = s + -70. What are the prime factors of (187/4)/(7/v)?
11, 17
Let p = -10563 + 23650. List the prime factors of p.
23, 569
What are the prime factors of (-48337)/1*24/(-32)*4/3?
48337
Suppose 27*a - 23*a - 20 = 0. Suppose 0 = -a*o - y + 4*y + 1096, 0 = -5*y - 10. List the prime factors of o.
2, 109
Suppose -h = -c - 4, -2*c + 19 = 4*h + 39. List the prime factors of (2932/c)/(18/(-27)).
733
Let s(f) = 2*f**2 + 21*f + 29. Let u be s(-11). Suppose -3*h + u = 2*l, -2*l - 4*h = -4*l + 68. Suppo